2?
2, 3, 46549
What are the prime factors of 215843?
215843
What are the prime factors of 828243?
3, 13, 7079
What are the prime factors of 19793332?
2, 13, 380641
List the prime factors of 128641.
197, 653
What are the prime factors of 300000?
2, 3, 5
What are the prime factors of 4046464?
2, 101, 313
What are the prime factors of 31636190?
2, 5, 3163619
List the prime factors of 516468.
2, 3, 193, 223
List the prime factors of 1152737.
23, 50119
What are the prime factors of 1700339?
1700339
What are the prime factors of 1559289?
3, 683, 761
List the prime factors of 156898.
2, 7, 1601
List the prime factors of 11882339.
7, 1697477
What are the prime factors of 5776577?
43, 134339
What are the prime factors of 13019046?
2, 3, 2169841
List the prime factors of 14588831.
23, 73, 8689
What are the prime factors of 2296318?
2, 337, 3407
What are the prime factors of 240121?
7, 34303
What are the prime factors of 389970?
2, 3, 5, 7, 619
What are the prime factors of 153404?
2, 38351
What are the prime factors of 1032186?
2, 3, 172031
What are the prime factors of 3085213?
31, 99523
List the prime factors of 259431.
3, 86477
What are the prime factors of 212997?
3, 70999
What are the prime factors of 38846049?
3, 11, 1177153
What are the prime factors of 318702?
2, 3, 53117
What are the prime factors of 554540?
2, 5, 7, 17, 233
List the prime factors of 568133.
568133
What are the prime factors of 14431834?
2, 271, 26627
What are the prime factors of 924411?
3, 308137
List the prime factors of 108074.
2, 54037
What are the prime factors of 3367041?
3, 709, 1583
List the prime factors of 3781959.
3, 23, 59, 929
List the prime factors of 2803912.
2, 17, 53, 389
What are the prime factors of 1885373?
7, 109, 353
What are the prime factors of 1721872?
2, 23, 4679
What are the prime factors of 8803484?
2, 17, 37, 3499
List the prime factors of 872912.
2, 89, 613
What are the prime factors of 9138780?
2, 3, 5, 7, 7253
List the prime factors of 22965266.
2, 17, 675449
List the prime factors of 268136.
2, 11, 277
List the prime factors of 3734105.
5, 31, 24091
What are the prime factors of 2177521?
2177521
List the prime factors of 7997606.
2, 23, 173861
What are the prime factors of 36679?
43, 853
List the prime factors of 2729455.
5, 83, 6577
List the prime factors of 500581.
383, 1307
What are the prime factors of 3827286?
2, 3, 212627
List the prime factors of 3512937.
3, 1170979
List the prime factors of 268790.
2, 5, 26879
What are the prime factors of 18665171?
7, 2666453
List the prime factors of 3963264.
2, 3, 10321
List the prime factors of 426416.
2, 29, 919
What are the prime factors of 31955282?
2, 15977641
What are the prime factors of 13702560?
2, 3, 5, 28547
List the prime factors of 378119.
7, 19, 2843
What are the prime factors of 28600824?
2, 3, 7, 170243
List the prime factors of 15818.
2, 11, 719
List the prime factors of 14990.
2, 5, 1499
What are the prime factors of 6308794?
2, 3154397
List the prime factors of 3048388.
2, 7, 103, 151
List the prime factors of 1118838.
2, 3, 7, 17, 1567
List the prime factors of 18274115.
5, 37, 98779
What are the prime factors of 12119896?
2, 23, 199, 331
What are the prime factors of 1468447?
1468447
List the prime factors of 236262.
2, 3, 13, 233
What are the prime factors of 1905049?
1905049
What are the prime factors of 336446?
2, 11, 41, 373
What are the prime factors of 1630760?
2, 5, 59, 691
What are the prime factors of 175262?
2, 87631
List the prime factors of 909542.
2, 191, 2381
What are the prime factors of 90903?
3, 157, 193
What are the prime factors of 978982?
2, 29, 16879
List the prime factors of 344052.
2, 3, 19, 503
List the prime factors of 36118504.
2, 4514813
List the prime factors of 2219884.
2, 19, 29209
What are the prime factors of 3446021?
23, 149827
What are the prime factors of 196326?
2, 3, 13, 839
List the prime factors of 2338955.
5, 37, 47, 269
List the prime factors of 590071.
590071
List the prime factors of 330790.
2, 5, 19, 1741
What are the prime factors of 3249607?
601, 5407
List the prime factors of 18261175.
5, 730447
List the prime factors of 31377957.
3, 13, 23, 34981
List the prime factors of 1780218.
2, 3, 11, 37
List the prime factors of 2554582.
2, 59, 21649
List the prime factors of 1739077.
487, 3571
What are the prime factors of 255927?
3, 7, 1741
What are the prime factors of 885340?
2, 5, 44267
What are the prime factors of 262159?
317, 827
What are the prime factors of 1346378?
2, 11, 19, 3221
List the prime factors of 1901108.
2, 11, 43207
List the prime factors of 6524187.
3, 2174729
What are the prime factors of 18771496?
2, 23, 102019
What are the prime factors of 172782?
2, 3, 29, 331
What are the prime factors of 856167?
3, 13, 29, 757
List the prime factors of 442079.
11, 40189
What are the prime factors of 176839?
13, 61, 223
List the prime factors of 2913979.
2913979
What are the prime factors of 5592158?
2, 11, 13, 19553
What are the prime factors of 5297242?
2, 137, 19333
List the prime factors of 882331.
47, 18773
What are the prime factors of 7157456?
2, 439, 1019
List the prime factors of 3041944.
2, 577, 659
What are the prime factors of 267272?
2, 33409
List the prime factors of 302543.
97, 3119
What are the prime factors of 286249?
286249
What are the prime factors of 1312467?
3, 13, 73, 461
List the prime factors of 1320365.
5, 199, 1327
What are the prime factors of 1758086?
2, 11, 157, 509
What are the prime factors of 26059877?
37, 704321
What are the prime factors of 1664198?
2, 17, 48947
List the prime factors of 16613456.
2, 59, 17599
List the prime factors of 2147846.
2, 593, 1811
What are the prime factors of 782718?
2, 3, 191, 683
List the prime factors of 3651025.
5, 7, 31, 673
List the prime factors of 2095528.
2, 163, 1607
List the prime factors of 11108631.
3, 317, 11681
What are the prime factors of 571118?
2, 285559
What are the prime factors of 4435823?
7, 90527
What are the prime factors of 422414?
2, 29, 7283
List the prime factors of 426393.
3, 11, 59, 73
List the prime factors of 208094.
2, 104047
What are the prime factors of 2817991?
11, 256181
List the prime factors of 1018069.
13, 71, 1103
List the prime factors of 1649040.
2, 3, 5, 6871
What are the prime factors of 3168599?
7, 47, 9631
What are the prime factors of 1246150?
2, 5, 24923
List the prime factors of 235658.
2, 23, 47, 109
What are the prime factors of 449965?
5, 31, 2903
List the prime factors of 1430226.
2, 3, 7, 11351
List the prime factors of 3271771.
31, 105541
List the prime factors of 13778990.
2, 5, 19, 47, 1543
List the prime factors of 6868518.
2, 3, 347, 3299
What are the prime factors of 504025?
5, 20161
List the prime factors of 231821.
231821
List the prime factors of 196773.
3, 107, 613
What are the prime factors of 31365?
3, 5, 17, 41
What are the prime factors of 2114396?
2, 19, 43, 647
What are the prime factors of 458606?
2, 29, 7907
List the prime factors of 465057.
3, 51673
What are the prime factors of 14096645?
5, 2819329
List the prime factors of 5638005.
3, 5, 13921
What are the prime factors of 9153862?
2, 23, 198997
List the prime factors of 6945922.
2, 31, 112031
List the prime factors of 5315854.
2, 379, 7013
List the prime factors of 145490.
2, 5, 14549
List the prime factors of 9396678.
2, 3, 19, 139, 593
List the prime factors of 240673.
19, 53, 239
List the prime factors of 30747602.
2, 193, 79657
What are the prime factors of 302128?
2, 23, 821
What are the prime factors of 7317460?
2, 5, 151, 2423
What are the prime factors of 1345869?
3, 7, 7121
What are the prime factors of 3579623?
3579623
What are the prime factors of 16531173?
3, 1836797
List the prime factors of 34463668.
2, 8615917
What are the prime factors of 12664132?
2, 13, 239, 1019
What are the prime factors of 7327239?
3, 2442413
What are the prime factors of 1180?
2, 5, 59
List the prime factors of 792434.
2, 396217
What are the prime factors of 77352?
2, 3, 11, 293
List the prime factors of 1664652.
2, 3, 11, 12611
List the prime factors of 30714648.
2, 3, 17, 83, 907
List the prime factors of 1220258.
2, 13, 46933
List the prime factors of 106521.
3, 35507
List the prime factors of 3068508.
2, 3, 255709
What are the prime factors of 2